{"id":34,"date":"2014-03-14T17:09:41","date_gmt":"2014-03-14T16:09:41","guid":{"rendered":"http:\/\/www.body-line.it\/pubb\/?page_id=34"},"modified":"2024-03-13T18:22:31","modified_gmt":"2024-03-13T17:22:31","slug":"body-line","status":"publish","type":"page","link":"https:\/\/www.body-line.it\/pubb\/?page_id=34","title":{"rendered":"Body Line"},"content":{"rendered":"<p><strong>&#8220;La Palestra su misura per te&#8221;<\/strong><\/p>\n<p>La <strong>Body Line Fitness Club &#8211; La Tua Palestra a Bologna &#8211;<\/strong> \u00e8 un\u2019ampia &nbsp;struttura tutta dedicata al mantenimento della perfetta forma fisica per tonificare il corpo attraverso percorsi mirati.<\/p>\n<p>Body Line \u00e8 presente nel settore delle palestre da anni e <b>il &nbsp;2015 \u00e8 l\u2019anno di celebrazione dei &nbsp;suoi 35 anni di attivit\u00e0<\/b>, momento importante per il comparto che rappresenta.<\/p>\n<p>La struttura \u00e8 considerata tra le pi\u00f9 funzionali della citt\u00e0 annoverando tra le sue potenzialit\u00e0 un \u201cparco macchine\u201d tra i pi\u00f9 qualificati del settore. Propone infatti programmi personalizzati, stilati in base alle esigenze del cliente, avvalendosi della collaborazione di personale altamente qualificato e competente.<\/p>\n<p>Questo \u00e8 il vero punto di forza della <strong>palestra Body Line<\/strong>, perch\u00e9 risulta ovvio, anche ai meno esperti, che la quantit\u00e0 di attrezzatura rende pi\u00f9 facile l\u2019allenamento di un gruppo numeroso di persone, concorrendo a risolvere quello che da sempre \u00e8 un problema comune a tutte le palestre: i tempi d\u2019attesa per utilizzare determinati attrezzi.<\/p>\n<p>E\u2019 indubbio, infatti, che la <strong>palestra Body Line<\/strong> rappresenti un punto di riferimento importante per il quartiere per la sua funzione sia ludica che di benessere, svolta nei confronti sia dei cittadini della terza et\u00e0, sia come luogo di svago e servizio alla persona per una pi\u00f9 ampia fascia di clientela.<\/p>\n<center><iframe loading=\"lazy\" src=\"\/\/www.youtube.com\/embed\/Bymsr65d3uY\" width=\"420\" height=\"315\" frameborder=\"0\" allowfullscreen=\"allowfullscreen\"><\/iframe><\/center>\n\n<h3 style=\"text-align: center;\">scarica il <strong><a href=\"https:\/\/drive.google.com\/file\/d\/1otIXa5eYXzYEvFWV6PlPnYKF6rNtWJok\/view?usp=drive_link\" target=\"_blank\" rel=\"noopener\">regolamento<\/a><\/strong> della palestra<\/h3>\n\n\n<p><\/p>\n","protected":false},"excerpt":{"rendered":"<p>&#8220;La Palestra su misura per te&#8221; La Body Line Fitness Club &#8211; La Tua Palestra a Bologna &#8211; \u00e8 un\u2019ampia &nbsp;struttura tutta dedicata al mantenimento della perfetta forma fisica per tonificare il corpo attraverso percorsi mirati. Body Line \u00e8 presente nel settore delle palestre da anni e il &nbsp;2015 \u00e8 l\u2019anno di celebrazione dei &nbsp;suoi [&hellip;]<\/p>\n","protected":false},"author":1,"featured_media":0,"parent":0,"menu_order":0,"comment_status":"open","ping_status":"open","template":"","meta":{"ngg_post_thumbnail":0,"footnotes":""},"class_list":["post-34","page","type-page","status-publish","hentry"],"aioseo_notices":[],"_links":{"self":[{"href":"https:\/\/www.body-line.it\/pubb\/index.php?rest_route=\/wp\/v2\/pages\/34","targetHints":{"allow":["GET"]}}],"collection":[{"href":"https:\/\/www.body-line.it\/pubb\/index.php?rest_route=\/wp\/v2\/pages"}],"about":[{"href":"https:\/\/www.body-line.it\/pubb\/index.php?rest_route=\/wp\/v2\/types\/page"}],"author":[{"embeddable":true,"href":"https:\/\/www.body-line.it\/pubb\/index.php?rest_route=\/wp\/v2\/users\/1"}],"replies":[{"embeddable":true,"href":"https:\/\/www.body-line.it\/pubb\/index.php?rest_route=%2Fwp%2Fv2%2Fcomments&post=34"}],"version-history":[{"count":12,"href":"https:\/\/www.body-line.it\/pubb\/index.php?rest_route=\/wp\/v2\/pages\/34\/revisions"}],"predecessor-version":[{"id":809,"href":"https:\/\/www.body-line.it\/pubb\/index.php?rest_route=\/wp\/v2\/pages\/34\/revisions\/809"}],"wp:attachment":[{"href":"https:\/\/www.body-line.it\/pubb\/index.php?rest_route=%2Fwp%2Fv2%2Fmedia&parent=34"}],"curies":[{"name":"wp","href":"https:\/\/api.w.org\/{rel}","templated":true}]}}